{"id":16,"date":"2013-12-07T17:37:02","date_gmt":"2013-12-07T15:37:02","guid":{"rendered":"http:\/\/www.musikverein-oberstenfeld.de\/?page_id=16"},"modified":"2013-12-08T19:02:16","modified_gmt":"2013-12-08T17:02:16","slug":"wer-wir-sind","status":"publish","type":"page","link":"http:\/\/www.musikverein-oberstenfeld.de\/?page_id=16","title":{"rendered":"Chronik"},"content":{"rendered":"<h2>Chronik<\/h2>\n<p>Ein R\u00fcckblick auf die Vereinsgeschichte von unserem Schriftf\u00fchrer Hans-Georg Dittmann<\/p>\n<p>&nbsp;<\/p>\n<p>Am 14.Januar 1957 fand die erste Zusammenkunft von 22 musizierwilligen jungen M\u00e4nnern unter der Leitung von SKV Vorstand Fritz Furkel im Gasthaus Sonne in Oberstenfeld statt. Bereits am 10.02.57 fand eine weitere Sitzung der SKV Vorst\u00e4nde Gesang und Sport gemeinsam mit der Gemeindeverwaltung, Herrn B\u00fcrgermeister L\u00e4pple, statt, um die Finanzierung von Instrumenten zu kl\u00e4ren. Schon drei Tage sp\u00e4ter\u00a0wurde die Wahl des Vorstandes der Sparte \u201eMusik\u201c im SKV durchgef\u00fchrt. Josef Koch wurde 1.Vorstand dieser Sparte. Die Suche nach einem Dirigenten erwies sich damals als au\u00dferordentlich schwierig, aber durch den Kauf von Instrumenten f\u00fcr die Musiker konnte der Lieferant der Instrumente Axel Spr\u00f6sser, zun\u00e4chst f\u00fcr ein halbes Jahr kostenlos, als Dirigent f\u00fcr diese Neugr\u00fcndung gewonnen werden. Der Kauf der Instrumente wurde durch Spenden aus der Bev\u00f6lkerung und Darlehen aus der Sparte Sport und Gesang des SKV sowie der Gemeinde Oberstenfeld erm\u00f6glicht. Im Gr\u00fcndungsjahr waren 18 aktive und 34 passive Vereinsmitglieder verzeichnet.<\/p>\n<p>Der erste Auftritt der jungen Musikkapelle am 3.9.1957 war ein St\u00e4ndchen zum Geburtstag des 1. Spartenleiters \u201eMusik\u201c Josef Koch und danach im Krankenhaus Marbach, wo sich der 2. Spartenleiter Adolf Hirsch befand.<\/p>\n<p>Am Sonntag, 5.Januar 1958, wurde die erste Jahresfeier der Sparte \u201eMusik\u201c im Saal des Gasthofs Ochsen abgehalten; der Andrang war so gro\u00df, dass viele Besucher keinen Platz finden konnten und unverrichteter Dinge nach Hause gehen mussten.<\/p>\n<p>Vom 4. bis 6. Juni 1959 fand das Gr\u00fcndungsfest der Sparte \u201eMusik\u201c im SKV Oberstenfeld in einem 735 Quadratmeter gro\u00dfen Festzelt statt. Der Erl\u00f6s aus diesem Fest erm\u00f6glichte es, die erhaltenen Darlehen zur\u00fcckzuzahlen.<\/p>\n<p>Schon im Fr\u00fchjahr des Jahres 1960 fanden Bestrebungen statt, eine Umorganisation durchzuf\u00fchren, mit dem Ziel, einen selbst\u00e4ndigen Musikverein entstehen zu lassen. Diese Versuche schlugen aber fehl, und das bedeutete ein vorl\u00e4ufiges Ende der Sparte \u201eMusik\u201c im SKV.<\/p>\n<p>Das Fehlen einer Musikkapelle in der Gemeinde Oberstenfeld wurde von vielen B\u00fcrgern und auch von der Gemeindeverwaltung bedauert. Um diesem Zustand abzuhelfen, fanden sich viele Musiker der ehem. Sparte \u201eMusik\u201c und B\u00fcrger der Gemeinde mit ihrem B\u00fcrgermeister im Herbst 1962 zusammen und wagten einen Neuanfang. Im Oktober 62 begannen die Proben unter der Stabf\u00fchrung von Dirigent Hans Rode in der alten Schule. Wegen seiner langj\u00e4hrigen Verdienste um den musikalischen Aufbau des Orchesters wurde Hans Rode zu einem sp\u00e4teren Zeitpunkt zum Ehrendirigenten des MVO ernannt.<\/p>\n<p>Im M\u00e4rz 1963 fand im Gasthaus Hirsch dann die zweite Gr\u00fcndungsversammlung statt, auf der Felix Michel als 1. Vorstand des Musikvereins gew\u00e4hlt wurde.<\/p>\n<p>Das erste Weinfest, das heutige Stiftskellerfest, wurde am 4. -5. September 65 in der damaligen Gemeindehalle kr\u00e4ftig gefeiert.<\/p>\n<p>Die ersten einheitlichen Uniformen (31 St\u00fcck) wurden im Juni 1967 aus den Erl\u00f6sen der vorangegangenen Auftritte angeschafft.<\/p>\n<p>Das weithin bekannte, schon zur Tradition gewordene Steinbruchfest wurde vom MVO erstmals am Vatertag des Jahres 1971, damals als Steinbierfest veranstaltet.<\/p>\n<p>Der Kinderfasching, der allj\u00e4hrlich viele Kinder aus der Gemeinde anzieht, wurde zum ersten Mal im Jahr 1974 vom Musikverein ausgerichtet. In dieses Jahr f\u00e4llt auch die Mitwirkung des Musikvereins bei dem Gemeinschaftskonzert \u201eBlasmusik im Bottwartal\u201c, das auch heute noch eine gro\u00dfe Anziehungskraft besitzt.<\/p>\n<p>1977 konnte der MVO sein 20- j\u00e4hriges Bestehen mit einem drei Tage dauernden, kulturell anspruchsvollen Fest feiern.<\/p>\n<p>Im Rahmen dieser Schrift ist es nat\u00fcrlich nicht m\u00f6glich, alle Ereignisse darzustellen, ebenso wie auch nicht alle Personen benannt werden k\u00f6nnen, die am Aufbau und Fortbestand des Musikvereins mitwirkten, sei es aktiv im Orchester, in der Vereinsf\u00fchrung, als Helfer oder auch als G\u00f6nner des Vereins. Der MVO m\u00f6chte allen Vorhergenannten f\u00fcr ihr Engagement herzlichen Dank sagen und all denen, die nicht mehr unter uns weilen, ein ehrendes Andenken bewahren.<\/p>\n<p>Klaus Stoffner wurde 1989 als Dirigent f\u00fcr das Orchester des MVO verpflichtet und hat seitdem mit seinen Musikerinnen und Musikern viele Auftritte in der Gemeinde oder bei befreundeten Vereinen mit Bravour bestritten. Unter seiner Stabf\u00fchrung wurde auch in musikalischer Hinsicht viel erreicht, denn es werden nicht nur landl\u00e4ufige, f\u00fcr ein Blasorchester g\u00e4ngige Musiktitel gespielt, sondern es findet auch immer mehr anspruchsvolle Musik Eingang in das Repertoire des Orchesters. Das Jahr 1997 bescherte dem MVO sein 40- j\u00e4hriges Bestehen. In einer Feierstunde vor geladenen G\u00e4sten hielt Herr B\u00fcrgermeister Rosner die Laudatio im neu erbauten B\u00fcrgerhaus. Ein Satz seiner Rede lautete z.B., dass der Musikverein aus dem kulturellen Leben der Gemeinde nicht mehr wegzudenken sei. Anschlie\u00dfend konnte der damalige Vorstand Heinz Sch\u00fcle viele passive Mitglieder des Vereins f\u00fcr langj\u00e4hrige Mitgliedschaft im Verein ehren, aber auch aktive Musiker wurden z.T. f\u00fcr 40- j\u00e4hriges aktives Musizieren geehrt. Nachdem Heinz Sch\u00fcle nach 7 Jahren T\u00e4tigkeit als erster Vorstand nicht mehr zur Verf\u00fcgung stand, wurde in der Generalversammlung vom 10.07.1998 der bisherige zweite Vorstand Peter Albert einstimmig zum 1. Vorsitzenden des Musikvereins Oberstenfeld gew\u00e4hlt und anl\u00e4sslich der Hauptversammlung am 04.02.2000 einstimmig best\u00e4tigt.<\/p>\n<p>In der 40. Generalversammlung am 09.01.2001 wurde das Amt des 2. Vorsitzenden durch den Ortswechsel von Rudolf \u00d6sterle vakant. Frau Welling wurde von der Versammlung als 2. Vorsitzende gew\u00e4hlt.<\/p>\n<p>Nach 10 Jahren Vorstandsarbeit, davon 6 Jahre als 2. Vorsitzender und 4 Jahre als 1. Vorsitzenderdes Musikvereins Oberstenfeld, schied Peter Albert aus beruflichen Gr\u00fcnden aus seinem Vorstandsamt aus. Da an dieser 41. Generalversammlung vom 15.02.2002 kein 1. Vorsitzender gefunden wurde, trat Katharina Welling als zweite Vorsitzende f\u00fcr eine bestimmte Zeit an dessen Stelle.<\/p>\n<p>Am 14.02.2003 fand die 42. Generalversammlung statt, an welcher Katharina Welling einstimmig zur 1. Vorsitzenden des Musikvereins gew\u00e4hlt wurde. An dieser Versammlung warb Dirigent Klaus Stoffner um Verst\u00e4ndnis, dass er an einen anderen Ort versetzt wird und daher das Amt des Dirigenten des MVO nicht mehr aus\u00fcben kann.<\/p>\n<p>Nach einigen Bem\u00fchungen, konnte Herr Hans Wiesenmaier f\u00fcr das Amt des MVO Dirigenten gewonnen werden, am 25. Fleckenfestsamstag, den 28.Juni 2003 dirigierte Herr Wiesenmaier erstmalig das Orchester.<\/p>\n<p>Nach 2 j\u00e4hriger erfolgreicher T\u00e4tigkeit als Dirigent des MVO wurde Hans Wiesenmaier nach Vertragsende verabschiedet. Die Nachfolge in der Stabf\u00fchrung konnte, nach organisatorischen \u00c4nderungen an den \u00dcbungsabenden, einem bew\u00e4hrten Dirigenten \u00fcbertragen werden. Im September 2005 \u00fcbernahm Klaus Stoffner, der schon von 1989 bis 2003 Dirigent beim MVO war, wieder die Leitung des Orchesters.<\/p>\n","protected":false},"excerpt":{"rendered":"<p>Chronik Ein R\u00fcckblick auf die Vereinsgeschichte von unserem Schriftf\u00fchrer Hans-Georg Dittmann &nbsp; Am 14.Januar 1957 fand die erste Zusammenkunft von 22 musizierwilligen jungen M\u00e4nnern unter der Leitung von SKV Vorstand<\/p>\n","protected":false},"author":1,"featured_media":0,"parent":0,"menu_order":1,"comment_status":"closed","ping_status":"closed","template":"","meta":{"footnotes":""},"class_list":["post-16","page","type-page","status-publish","hentry"],"_links":{"self":[{"href":"http:\/\/www.musikverein-oberstenfeld.de\/index.php?rest_route=\/wp\/v2\/pages\/16","targetHints":{"allow":["GET"]}}],"collection":[{"href":"http:\/\/www.musikverein-oberstenfeld.de\/index.php?rest_route=\/wp\/v2\/pages"}],"about":[{"href":"http:\/\/www.musikverein-oberstenfeld.de\/index.php?rest_route=\/wp\/v2\/types\/page"}],"author":[{"embeddable":true,"href":"http:\/\/www.musikverein-oberstenfeld.de\/index.php?rest_route=\/wp\/v2\/users\/1"}],"replies":[{"embeddable":true,"href":"http:\/\/www.musikverein-oberstenfeld.de\/index.php?rest_route=%2Fwp%2Fv2%2Fcomments&post=16"}],"version-history":[{"count":12,"href":"http:\/\/www.musikverein-oberstenfeld.de\/index.php?rest_route=\/wp\/v2\/pages\/16\/revisions"}],"predecessor-version":[{"id":140,"href":"http:\/\/www.musikverein-oberstenfeld.de\/index.php?rest_route=\/wp\/v2\/pages\/16\/revisions\/140"}],"wp:attachment":[{"href":"http:\/\/www.musikverein-oberstenfeld.de\/index.php?rest_route=%2Fwp%2Fv2%2Fmedia&parent=16"}],"curies":[{"name":"wp","href":"https:\/\/api.w.org\/{rel}","templated":true}]}}